{"id":153,"date":"2018-05-21T09:45:46","date_gmt":"2018-05-21T07:45:46","guid":{"rendered":"http:\/\/skyttarna.se\/?page_id=153"},"modified":"2020-03-19T14:25:08","modified_gmt":"2020-03-19T13:25:08","slug":"skjutschema","status":"publish","type":"page","link":"http:\/\/www.skyttarna.se\/index.php\/skjutschema\/","title":{"rendered":"Skjutschema"},"content":{"rendered":"<table>\n<tbody>\n<tr>\n<th>Vecka<\/th>\n<th>Dag<\/th>\n<th>Tid<\/th>\n<th>Aktivitet<\/th>\n<\/tr>\n<tr>\n<td rowspan=\"3\" valign=\"top\">J\u00e4mna<\/td>\n<td rowspan=\"3\" valign=\"top\">L\u00f6rdag<\/td>\n<td rowspan=\"3\" valign=\"top\">12:00-15:00<\/td>\n<td valign=\"top\">CAS-tr\u00e4ning<\/td>\n<\/tr>\n<tr>\n<td valign=\"top\">\u00a0\u00a0&#8211;\u00a0\u00a0Utebanan, 50M<\/td>\n<\/tr>\n<tr>\n<td valign=\"top\">\u00a0\u00a0&#8211;\u00a0\u00a0<a href=\"mailto:mattias.lind@skyttarna.se\" target=\"_blank\" rel=\"noopener noreferrer\">Mattias Lind, 0709381650<\/a><\/td>\n<\/tr>\n<tr>\n<td colspan=\"4\"><\/td>\n<\/tr>\n<\/tbody>\n<\/table>\n","protected":false},"excerpt":{"rendered":"<p>Vecka Dag Tid Aktivitet J\u00e4mna L\u00f6rdag 12:00-15:00 CAS-tr\u00e4ning \u00a0\u00a0&#8211;\u00a0\u00a0Utebanan, 50M \u00a0\u00a0&#8211;\u00a0\u00a0Mattias Lind, 0709381650<\/p>\n","protected":false},"author":4,"featured_media":0,"parent":0,"menu_order":0,"comment_status":"closed","ping_status":"closed","template":"","meta":{"footnotes":""},"class_list":["post-153","page","type-page","status-publish","hentry"],"_links":{"self":[{"href":"http:\/\/www.skyttarna.se\/index.php\/wp-json\/wp\/v2\/pages\/153","targetHints":{"allow":["GET"]}}],"collection":[{"href":"http:\/\/www.skyttarna.se\/index.php\/wp-json\/wp\/v2\/pages"}],"about":[{"href":"http:\/\/www.skyttarna.se\/index.php\/wp-json\/wp\/v2\/types\/page"}],"author":[{"embeddable":true,"href":"http:\/\/www.skyttarna.se\/index.php\/wp-json\/wp\/v2\/users\/4"}],"replies":[{"embeddable":true,"href":"http:\/\/www.skyttarna.se\/index.php\/wp-json\/wp\/v2\/comments?post=153"}],"version-history":[{"count":12,"href":"http:\/\/www.skyttarna.se\/index.php\/wp-json\/wp\/v2\/pages\/153\/revisions"}],"predecessor-version":[{"id":233,"href":"http:\/\/www.skyttarna.se\/index.php\/wp-json\/wp\/v2\/pages\/153\/revisions\/233"}],"wp:attachment":[{"href":"http:\/\/www.skyttarna.se\/index.php\/wp-json\/wp\/v2\/media?parent=153"}],"curies":[{"name":"wp","href":"https:\/\/api.w.org\/{rel}","templated":true}]}}