{"id":172,"date":"2018-07-08T21:32:17","date_gmt":"2018-07-08T19:32:17","guid":{"rendered":"http:\/\/skyttarna.se\/?page_id=172"},"modified":"2018-07-08T21:32:17","modified_gmt":"2018-07-08T19:32:17","slug":"anlaggning","status":"publish","type":"page","link":"http:\/\/www.skyttarna.se\/index.php\/startsida\/anlaggning\/","title":{"rendered":"Anl\u00e4ggning"},"content":{"rendered":"<p>Vi har tv\u00e5 utomhusbanor p\u00e5 Bj\u00f6rnmossdammen, dvs p\u00e5 v\u00e4gen till Humbobergets Avfallsstation, en 300 metersbana d\u00e4r vi ocks\u00e5 har skjutvallar f\u00f6r 200 meter och 100 meter, och 50 metersbana d\u00e4r vi \u00e4ven har skjutvall p\u00e5 25 meter, samt \u00e4ven 10 meters luftskyttebana i Stegelbackens Skola.<\/p>\n<li><a href=\"\/wp-content\/uploads\/2018\/07\/Skjutbaneinstruktion-Smedjebackens-Skjutbana-20180708.pdf\">Skjutbaneinstruktion, Smedjebackens Skjutbana, 20180708<\/a><\/li>\n","protected":false},"excerpt":{"rendered":"<p>Vi har tv\u00e5 utomhusbanor p\u00e5 Bj\u00f6rnmossdammen, dvs p\u00e5 v\u00e4gen till Humbobergets Avfallsstation, en 300 metersbana d\u00e4r vi ocks\u00e5 har skjutvallar f\u00f6r 200 meter och 100 meter, och 50 metersbana d\u00e4r vi \u00e4ven har skjutvall p\u00e5 25 meter, samt \u00e4ven 10 meters luftskyttebana i Stegelbackens Skola. Skjutbaneinstruktion, Smedjebackens Skjutbana, 20180708<\/p>\n","protected":false},"author":4,"featured_media":0,"parent":16,"menu_order":0,"comment_status":"closed","ping_status":"closed","template":"","meta":{"footnotes":""},"class_list":["post-172","page","type-page","status-publish","hentry"],"_links":{"self":[{"href":"http:\/\/www.skyttarna.se\/index.php\/wp-json\/wp\/v2\/pages\/172","targetHints":{"allow":["GET"]}}],"collection":[{"href":"http:\/\/www.skyttarna.se\/index.php\/wp-json\/wp\/v2\/pages"}],"about":[{"href":"http:\/\/www.skyttarna.se\/index.php\/wp-json\/wp\/v2\/types\/page"}],"author":[{"embeddable":true,"href":"http:\/\/www.skyttarna.se\/index.php\/wp-json\/wp\/v2\/users\/4"}],"replies":[{"embeddable":true,"href":"http:\/\/www.skyttarna.se\/index.php\/wp-json\/wp\/v2\/comments?post=172"}],"version-history":[{"count":1,"href":"http:\/\/www.skyttarna.se\/index.php\/wp-json\/wp\/v2\/pages\/172\/revisions"}],"predecessor-version":[{"id":174,"href":"http:\/\/www.skyttarna.se\/index.php\/wp-json\/wp\/v2\/pages\/172\/revisions\/174"}],"up":[{"embeddable":true,"href":"http:\/\/www.skyttarna.se\/index.php\/wp-json\/wp\/v2\/pages\/16"}],"wp:attachment":[{"href":"http:\/\/www.skyttarna.se\/index.php\/wp-json\/wp\/v2\/media?parent=172"}],"curies":[{"name":"wp","href":"https:\/\/api.w.org\/{rel}","templated":true}]}}